{"id":28,"date":"2023-01-13T19:45:35","date_gmt":"2023-01-13T19:45:35","guid":{"rendered":"https:\/\/www.karte.fi\/?page_id=28"},"modified":"2023-01-15T10:12:12","modified_gmt":"2023-01-15T10:12:12","slug":"hoivapalvelut","status":"publish","type":"page","link":"https:\/\/www.karte.fi\/?page_id=28","title":{"rendered":"Hoivapalvelut"},"content":{"rendered":"\n<p>Karte Palvelut Oy tarjoaa mm. henkil\u00f6kohtaista apua (vammaiset), kotihoitoa s\u00e4\u00e4nn\u00f6llisesti ja tilap\u00e4isesti, sek\u00e4 tukihenkil\u00f6toimintaa. Karte Palveluilla on  15 vuoden ty\u00f6kokemus hoitoalalta (l\u00e4hihoitaja). Olemme Tornion kaupungin hyv\u00e4ksym\u00e4  palveluseteleiden palveluiden tuottaja. <\/p>\n\n\n\n<p><a href=\"http:\/\/www.palveluseteli.fi\" data-type=\"URL\" data-id=\"www.palveluseteli.fi\">www.palveluseteli.fi<\/a><\/p>\n\n\n\n<figure class=\"wp-block-image size-large is-resized\"><a href=\"https:\/\/www.karte.fi\/wp-content\/uploads\/2023\/01\/hands-4344711_1920.jpg\"><img decoding=\"async\" loading=\"lazy\" src=\"https:\/\/www.karte.fi\/wp-content\/uploads\/2023\/01\/hands-4344711_1920-1024x683.jpg\" alt=\"\" class=\"wp-image-30\" width=\"434\" height=\"289\" srcset=\"https:\/\/www.karte.fi\/wp-content\/uploads\/2023\/01\/hands-4344711_1920-1024x683.jpg 1024w, https:\/\/www.karte.fi\/wp-content\/uploads\/2023\/01\/hands-4344711_1920-300x200.jpg 300w, https:\/\/www.karte.fi\/wp-content\/uploads\/2023\/01\/hands-4344711_1920-768x512.jpg 768w, https:\/\/www.karte.fi\/wp-content\/uploads\/2023\/01\/hands-4344711_1920-1536x1024.jpg 1536w, https:\/\/www.karte.fi\/wp-content\/uploads\/2023\/01\/hands-4344711_1920.jpg 1920w\" sizes=\"(max-width: 434px) 100vw, 434px\" \/><\/a><\/figure>\n\n\n\n<p style=\"line-height:0\"><strong>Lis\u00e4tietoja<\/strong>:<\/p>\n\n\n\n<p style=\"line-height:0\">Teija Unga<\/p>\n\n\n\n<p style=\"line-height:0\">040 537 5386<\/p>\n\n\n\n<p style=\"line-height:0\">etunimi.sukunimi@karte.fi<\/p>\n","protected":false},"excerpt":{"rendered":"<p>Karte Palvelut Oy tarjoaa mm. henkil\u00f6kohtaista apua (vammaiset), kotihoitoa s\u00e4\u00e4nn\u00f6llisesti ja tilap\u00e4isesti, sek\u00e4 tukihenkil\u00f6toimintaa. Karte Palveluilla on 15 vuoden ty\u00f6kokemus hoitoalalta (l\u00e4hihoitaja). Olemme Tornion kaupungin hyv\u00e4ksym\u00e4 palveluseteleiden palveluiden tuottaja. www.palveluseteli.fi Lis\u00e4tietoja: Teija Unga 040 537 5386 etunimi.sukunimi@karte.fi<\/p>\n","protected":false},"author":1,"featured_media":0,"parent":0,"menu_order":0,"comment_status":"closed","ping_status":"closed","template":"","meta":[],"_links":{"self":[{"href":"https:\/\/www.karte.fi\/index.php?rest_route=\/wp\/v2\/pages\/28"}],"collection":[{"href":"https:\/\/www.karte.fi\/index.php?rest_route=\/wp\/v2\/pages"}],"about":[{"href":"https:\/\/www.karte.fi\/index.php?rest_route=\/wp\/v2\/types\/page"}],"author":[{"embeddable":true,"href":"https:\/\/www.karte.fi\/index.php?rest_route=\/wp\/v2\/users\/1"}],"replies":[{"embeddable":true,"href":"https:\/\/www.karte.fi\/index.php?rest_route=%2Fwp%2Fv2%2Fcomments&post=28"}],"version-history":[{"count":4,"href":"https:\/\/www.karte.fi\/index.php?rest_route=\/wp\/v2\/pages\/28\/revisions"}],"predecessor-version":[{"id":63,"href":"https:\/\/www.karte.fi\/index.php?rest_route=\/wp\/v2\/pages\/28\/revisions\/63"}],"wp:attachment":[{"href":"https:\/\/www.karte.fi\/index.php?rest_route=%2Fwp%2Fv2%2Fmedia&parent=28"}],"curies":[{"name":"wp","href":"https:\/\/api.w.org\/{rel}","templated":true}]}}